+ 6*p(k). Give m(j).
9
Let t(u) = -3*u - 3. Let m be 1/5 + (-16)/5. What is t(m)?
6
Let s(h) = 4*h**2 + h**2 + 10*h - 6*h**2 + 6 + 0*h**2. Calculate s(11).
-5
Let z(y) = y**2 + 1. Let s(c) = -c**3 + 8*c**2 - c - 2. Let p(i) = s(i) - 3*z(i). Calculate p(4).
7
Let p = -24 + 17. Let m(o) = o**2 + 7*o. Determine m(p).
0
Let b(x) = -x**3 - 6*x**2 - 2*x - 5. Let s = -18 - -8. Let q be (4/s)/(2/(-60)). Suppose u + q = -u. What is b(u)?
7
Let s(u) = 11*u - 20. Let o(y) = -4*y + 7. Let i(c) = -8*o(c) - 3*s(c). Let x be (-3 - -2) + (2 - 1). Suppose x = 5*j - 0*j. Give i(j).
4
Let x = 3 + -3. Let s be (-2)/6*x*1. Let g be (-1 - s) + (-12)/4. Let p(v) = -v**2 - 3*v + 1. Give p(g).
-3
Let c(b) = 2*b**2 + b + 4. Let t(x) = x**2 + x - 1. Let h(m) = -c(m) + t(m). Suppose 3*v - 15 = 0, 2*l + v - 20 = -3*v. What is h(l)?
-5
Let h(x) = x**2 - x + 1. Let m(c) = -c**2 - 5*c + 3. Let z(n) = 2*h(n) + m(n). What is z(4)?
-7
Let r(l) be the first derivative of -l**2/2 + 5*l - 6. Suppose 0 = -3*m - 2*m + 20. Suppose 0*z - m = z. Calculate r(z).
9
Let d be (-11)/(-9) + 6/(-27). Let j(x) = -x**2 - 2 - 2 - 4*x**2 + x + 3. Determine j(d).
-5
Let o(y) be the third derivative of y**6/120 + y**5/12 - y**3 - 41*y**2. Give o(-5).
-6
Let k(w) = -w + 8. Let p be (-4)/(-10) - 72/(-20). Let o be 22/p + (-4)/8. What is k(o)?
3
Let x(m) be the third derivative of -m**4/12 + 7*m**3/6 - 4*m**2. What is x(5)?
-3
Let i(m) = m - 8. Let c be i(6). Let j(o) = o + 6 - 1 + o**2 + 2*o - 2. Calculate j(c).
1
Let j(a) be the third derivative of a**5/60 - 7*a**4/24 + a**3/2 - 5*a**2. Suppose 0 = -2*v + 8, 3*v - 4*v - 1 = -p. What is j(p)?
-7
Suppose 6 + 6 = v + 2*f, v = -4*f + 22. Let w(i) = -2*i + 3*i**v - 2*i + i**3 - 2*i**2. Give w(-3).
-6
Let l(m) be the second derivative of -m**5/20 - m**4/4 + 2*m**3/3 - 3*m**2/2 + 6*m. Give l(-4).
-3
Suppose 80 = -0*w + 5*w. Suppose 4*q = 8*q + w. Let d = 7 + q. Let o(m) = m - 6. What is o(d)?
-3
Let c(f) = 2*f**2 - 1 - 2*f - f**2 + 0. Let w be (-11)/3 - (-24)/36. Determine c(w).
14
Let m(h) = 6*h - 1 + 5 + h**2 + 2*h. Let p be m(-8). Let s(y) be the first derivative of y**2/2 - y + 13. Calculate s(p).
3
Let n(k) = k**2 + 2*k - 4. Let i be n(-3). Let p(x) = -x**2. Let m(l) = -l**2. Let b(o) = 8*m(o) - 5*p(o). What is b(i)?
-3
Let h = -32 + 30. Let k(g) = -3*g**2 - 2*g. What is k(h)?
-8
Let d(y) = 4*y**2 - 3*y - 6. Let q(i) = -5*i**2 + 3*i + 7. Let c(b) = 6*d(b) + 5*q(b). Let j = 51 - 33. Suppose l = -5*f - j, l - 26 = 5*f - 2*l. What is c(f)?
-5
Let v be (2*1/(-2))/(2/12). Let j(n) = -6*n - 1. Let c(t) = 5*t + 1. Let u(l) = 5*c(l) + 4*j(l). What is u(v)?
-5
Let w(i) = i**3 - i**2 + i + 1. Let h(y) = -12*y**3 + 4*y**2 - 3*y - 6. Let a(s) = h(s) + 5*w(s). Let p = -6 - -11. Suppose -8*n = -p*n - 3. Give a(n).
-7
Suppose 4*k - 16 - 11 = -5*d, -d + 6 = k. Let a(m) = -m. What is a(k)?
-3
Let y(m) = -15*m**3 + 3*m**2 + 23*m + 5. Let s(w) be the first derivative of -7*w**4/4 + w**3/3 + 11*w**2/2 + 2*w - 2. Let t(g) = -13*s(g) + 6*y(g). Give t(-6).
-2
Let k(z) be the second derivative of z**5/40 + z**4/8 + 7*z**3/6 - 11*z. Let i(q) be the second derivative of k(q). Calculate i(-4).
-9
Let o(r) = r**3 - 4*r**2 - 5*r - 5. Suppose -30 = 5*l - 5. Let p be (-1)/(2/l)*2. Suppose p = n - 0. Give o(n).
-5
Let f be 3*1/(-6)*0. Let z(u) = u**2 + u + 2. Calculate z(f).
2
Let h(y) = 0*y**3 + 2*y**3 - 3*y**3 - y - 2*y - 3. What is h(-2)?
11
Let k(t) = t. Let a be k(-1). Let d be a/(-1 - 0/(-1)). Let i(q) = -5*q**2 + 1. What is i(d)?
-4
Let j(d) be the first derivative of 3/2*d**2 - 2 + 2*d. Let p be 1 - 0 - (-2 - -5). Calculate j(p).
-4
Let w(z) = z**2 + z - 4. Let v(c) = -c - 9. Let f = 13 + -22. Let u be v(f). Let r be (6/(-4) - -2)*u. What is w(r)?
-4
Suppose -8 - 2 = -5*d. Suppose d*r + 0*h + 10 = -h, 4*h = -16. Let k(g) = -1 + 0 + 2*g + 4. Calculate k(r).
-3
Let g(d) = 2*d + 2. Let n(c) = 1. Let w = 5 + -13. Let x(z) = w*n(z) + g(z). Calculate x(6).
6
Let p(n) = 14*n**2 + 3*n - 3. Let t(g) = -27*g**2 - 5*g + 5. Let l(q) = 5*p(q) + 3*t(q). What is l(1)?
-11
Let f be -3 + -1 + -2 - -2. Let d be (11 + -6)*f/5. Let c(m) = -2*m - 6. Calculate c(d).
2
Let p(f) = -695*f + 347*f - 3 + 349*f. Let w = 2 - -1. Determine p(w).
0
Let j(i) = 12*i**3 - 2 + 5 - 50*i**2 - 2 + 48*i**2. Suppose 4*s + 1 = 5. Give j(s).
11
Let a = 9 + -12. Let s(p) = -2*p - 5. Let t(m) = m**2 + 3*m - 3. Let c be t(-4). Let v(i) = i. Let j(d) = c*s(d) + v(d). Calculate j(a).
-2
Let i(g) = 9*g**3 - 5*g**2 - 3*g**3 - 6*g**3 + g**3 - 7 + 2*g. Give i(5).
3
Let f(m) = -m**2 + 3*m + 3. Suppose -b = 3*d - 18, -3*d = -4*b + 1 - 4. What is f(b)?
3
Let o = -128 + 127. Let r be ((-4)/6)/2*-15. Let i(f) = f + 1 - 1 - r*f**3. What is i(o)?
4
Let p(k) be the second derivative of -k**5/20 - k**4/3 - k**3/2 - 22*k. What is p(-2)?
-2
Let c(i) be the third derivative of -i**8/20160 - i**7/1008 - i**6/720 + i**5/15 + 2*i**2. Let h(f) be the third derivative of c(f). Give h(-4).
3
Let m(f) = -3*f**2 - 6 + 4*f**2 + 0*f**2 - 5*f + 10*f. Determine m(-6).
0
Let x = 15 - 10. Let o(f) = 2*f - 4. Let m(q) = -q + 2. Let n(c) = -7*m(c) - 3*o(c). What is n(x)?
3
Let z(s) = -1 + 0*s**2 + 3*s + s**2 + 3. Calculate z(-4).
6
Suppose 0 = -0*p + 5*p - 15. Let o(k) = k - 3. Give o(p).
0
Let a(t) be the third derivative of -t**4/8 + t**3/3 - 18*t**2. Give a(3).
-7
Let g(s) = -2*s - 13. Let z(c) = -c - 14. Let r(u) = 2*g(u) - 3*z(u). Determine r(0).
16
Let s(q) = -2*q**3 + 3*q**2 - q - 2. Let p = -18 - -20. What is s(p)?
-8
Let w(x) = -x - 8. Let t(f) be the third derivative of f**4/24 + 2*f**3/3 - 5*f**2. Let j be t(-4). What is w(j)?
-8
Let y(a) be the second derivative of 0 + 1/2*a**2 + 1/12*a**4 + 1/2*a**3 + 4*a. Give y(-4).
5
Let x be ((-21)/(-6))/((-5)/10). Let s(u) = u - 7. Calculate s(x).
-14
Let i(h) be the second derivative of h**5/20 + h**4/3 - h**3 - 3*h**2/2 - 2*h. Give i(-5).
2
Let w(j) = j**2 + 8*j + 6. Suppose 3*b + 40 - 16 = 0. Determine w(b).
6
Suppose 8 = 4*a - 0*a. Let y(q) = 8 - 4*q + q**3 + 4*q + q**a. Calculate y(0).
8
Let w(j) = -4*j**2 - 2. Let m(d) = d**2. Let n(h) = -5*m(h) - w(h). Let q = -8 + 11. What is n(q)?
-7
Let f(g) = -12*g**3 - g**2 + 2*g - 1. Suppose -6*w + 2*w + 4 = 0. Calculate f(w).
-12
Let g(k) = 4 + 2*k**2 - 4 - 5*k - 2 + 2*k. Give g(3).
7
Suppose h - 3*h - 3*u = -4, 0 = h + 3*u + 1. Suppose 0 = 4*f - 16, -2*o + h*f - 15 - 5 = 0. Let r(a) = a + 6. Give r(o).
6
Suppose 2*y = -0*y - 8. Let a = 8 + y. Let n(p) = -5*p**3 - p**2 + a*p**3 + p - 5*p**2 - 2*p. What is n(-6)?
6
Let m(l) = -2*l - 1. Let d be m(-3). Let g(i) be the third derivative of i**6/120 - i**5/15 - 5*i**4/24 + 5*i**3/6 + i**2. What is g(d)?
5
Let k(x) = x**2 + 3*x + 4. Let u(w) = -w. Let h(p) = -k(p) + u(p). Let s(d) be the first derivative of h(d). Give s(-4).
4
Let p(a) = 7 - 4 - 2*a - 3*a - 4. What is p(1)?
-6
Let u(n) = -13*n + 1. Let z(l) = l**2 + 7*l - 8. Let w be z(-9). Suppose -3*m - 7 = -w*m. Calculate u(m).
-12
Let u(y) = 2*y + 1. Let i be u(1). Let b(f) = 2 - i + 3*f - f. Calculate b(2).
3
Let v(m) = 3*m**3 - m**2 + m + 1. Let d(a) = a**2 - 9 + 4*a + 2 + 7*a - 6*a. Let b be d(-6). What is v(b)?
-4
Let w = -14 + 8. Let v(n) be the third derivative of n**6/120 + 7*n**5/60 + 7*n**4/24 + 5*n**3/6 + 10*n**2. What is v(w)?
-1
Let k(s) = -s + 6. Let d(p) = 2*p**2 + 2*p + 8. Let z(l) = 2*l**2 + 3*l + 9. Let c(x) = 6*d(x) - 5*z(x). Let i be c(2). What is k(i)?
1
Let u(c) = c**2 + 4*c + 2. Let f(a) = 2*a**2 + 7*a + 4. Let w(p) = 3*f(p) - 7*u(p). Suppose r = -0*i + 2*i + 15, 3*r = 15. Give w(i).
8
Let n(k) = -2*k - 3*k**2 - 5*k**3 + 4*k**3 + 2*k**3. Let a = 17 + -14. Give n(a).
-6
Let x(g) be the third derivative of -g**7/2520 - g**6/360 - g**5/120 - g**4/12 - 3*g**2. Let u(r) be the second derivative of x(r). Calculate u(-5).
-16
Let z be 0/((-2 - -5)*1). Suppose z*l = -l. Let r(a) = a**3 - a**2 - 1. Determine r(l).
-1
Suppose -4*m + 2*m = 6. Let t(j) be the second derivative of j**5/20 + j**4/3 + j**3/3 + 2*j. What is t(m)?
3
Let r(o) = 10*o + 5 - o**2 - 9*o - 4*o. Calculate r(-5).
-5
Suppose 5*r - b - 34 = 0, -2*r - 2*b = b. Let v = -6 + r. Let c(q) = -3*q**2 + 5*q - 8. Let m(j) = -4*j**2 + 6*j - 8. Let l(o) = 5*c(o) - 4*m(o). What is l(v)?
-8
Let q(w) = 2*w**3 - 4*w**2 - 6*w - 2. Let f be q(5). Let a(v) = 109*v - v**2 - 9 - f*v - 1. Calc